{"id":2040,"date":"2024-09-11T12:57:55","date_gmt":"2024-09-11T12:57:55","guid":{"rendered":"http:\/\/erofisioterapiayprevencion.es\/?page_id=2040"},"modified":"2024-09-11T16:32:57","modified_gmt":"2024-09-11T16:32:57","slug":"podologia","status":"publish","type":"page","link":"http:\/\/erofisioterapiayprevencion.es\/?page_id=2040","title":{"rendered":"Podolog\u00eda"},"content":{"rendered":"\t\t<div data-elementor-type=\"wp-page\" data-elementor-id=\"2040\" class=\"elementor elementor-2040\" data-elementor-settings=\"[]\">\n\t\t\t\t\t\t<div class=\"elementor-inner\">\n\t\t\t\t\t\t\t<div class=\"elementor-section-wrap\">\n\t\t\t\t\t\t\t<section class=\"elementor-section elementor-top-section elementor-element elementor-element-6e14b739 elementor-section-boxed elementor-section-height-default elementor-section-height-default\" data-id=\"6e14b739\" data-element_type=\"section\">\n\t\t\t\t\t\t<div class=\"elementor-container elementor-column-gap-default\">\n\t\t\t\t\t\t\t<div class=\"elementor-row\">\n\t\t\t\t\t<div class=\"elementor-column elementor-col-100 elementor-top-column elementor-element elementor-element-1cee1d1b\" data-id=\"1cee1d1b\" data-element_type=\"column\">\n\t\t\t<div class=\"elementor-column-wrap elementor-element-populated\">\n\t\t\t\t\t\t\t<div class=\"elementor-widget-wrap\">\n\t\t\t\t\t\t<div class=\"elementor-element elementor-element-7f7fa1e elementor-widget elementor-widget-heading\" data-id=\"7f7fa1e\" data-element_type=\"widget\" data-widget_type=\"heading.default\">\n\t\t\t\t<div class=\"elementor-widget-container\">\n\t\t\t<h2 class=\"elementor-heading-title elementor-size-default\">La importancia de los pies: <i>base para el movimiento<\/i><\/h2>\t\t<\/div>\n\t\t\t\t<\/div>\n\t\t\t\t<div class=\"elementor-element elementor-element-1d7db4d elementor-widget elementor-widget-image\" data-id=\"1d7db4d\" data-element_type=\"widget\" data-widget_type=\"image.default\">\n\t\t\t\t<div class=\"elementor-widget-container\">\n\t\t\t\t\t<div class=\"elementor-image\">\n\t\t\t\t\t\t\t\t\t\t<img width=\"534\" height=\"800\" src=\"http:\/\/erofisioterapiayprevencion.es\/wp-content\/uploads\/2024\/09\/Accesorios-y-cosmeticos-de-belleza-Beter.jpg\" class=\"attachment-medium_large size-medium_large\" alt=\"\" loading=\"lazy\" srcset=\"http:\/\/erofisioterapiayprevencion.es\/wp-content\/uploads\/2024\/09\/Accesorios-y-cosmeticos-de-belleza-Beter.jpg 534w, http:\/\/erofisioterapiayprevencion.es\/wp-content\/uploads\/2024\/09\/Accesorios-y-cosmeticos-de-belleza-Beter-200x300.jpg 200w\" sizes=\"(max-width: 534px) 100vw, 534px\" \/>\t\t\t\t\t\t\t\t\t\t\t<\/div>\n\t\t\t\t<\/div>\n\t\t\t\t<\/div>\n\t\t\t\t<div class=\"elementor-element elementor-element-743f19a6 elementor-widget elementor-widget-text-editor\" data-id=\"743f19a6\" data-element_type=\"widget\" data-widget_type=\"text-editor.default\">\n\t\t\t\t<div class=\"elementor-widget-container\">\n\t\t\t\t\t<div class=\"elementor-text-editor elementor-clearfix\"><p><!-- wp:paragraph --><\/p>\n<h3><em><strong><span class=\"has-inline-color\" style=\"color: #33b9a8;\">\u00abLa salud empieza por los pies.\u00bb &#8211; S\u00f3crates<\/span><\/strong><\/em><\/h3>\n<p><!-- \/wp:paragraph --><\/p>\n<p><!-- wp:paragraph --><\/p>\n<p>Los pies son la base de nuestro cuerpo, soportan nuestro peso y nos permiten movernos con libertad. Aunque a menudo los pasamos por alto, su salud es esencial para mantener un equilibrio, postura y movilidad adecuados. Los pies no solo nos permiten caminar, correr o saltar, sino que tambi\u00e9n influyen en la alineaci\u00f3n de todo el cuerpo, desde las rodillas hasta la columna vertebral. Cualquier alteraci\u00f3n en su funcionamiento puede generar molestias y lesiones en otras \u00e1reas del cuerpo.<\/p>\n<p>\u00a0<\/p>\n<p><!-- \/wp:paragraph --><\/p>\n<p><!-- wp:paragraph --><\/p>\n<p>Es por ello que las revisiones peri\u00f3dicas de los pies son fundamentales. A trav\u00e9s de una evaluaci\u00f3n profesional, se pueden detectar problemas como el pie plano, alteraciones en el arco, deformidades o malformaciones, y corregirlos antes de que provoquen dolores cr\u00f3nicos o dificultades para caminar.<\/p>\n<p><!-- \/wp:paragraph --><\/p>\n<p><!-- wp:paragraph --><\/p>\n<p>Este cuidado no es solo importante para los adultos, sino tambi\u00e9n para los ni\u00f1os y ni\u00f1as. Durante la infancia, los pies se encuentran en pleno desarrollo y una intervenci\u00f3n temprana puede corregir problemas que podr\u00edan agravarse en la edad adulta. Evaluar el crecimiento y la forma en que los m\u00e1s peque\u00f1os apoyan y usan sus pies es clave para prevenir futuras complicaciones y garantizar un desarrollo saludable.<\/p>\n<p><!-- \/wp:paragraph --><\/p>\n<p><!-- wp:paragraph --><\/p>\n<p>En nuestro centro, ofrecemos revisiones especializadas para cuidar y prevenir cualquier disfunci\u00f3n en tus pies. Tanto en ni\u00f1os como en adultos, unos pies sanos son la base para una vida activa y sin limitaciones. \u00a1No esperes a sentir molestias, cuida tus pies desde hoy para prevenir problemas ma\u00f1ana!<\/p>\n<p><!-- \/wp:paragraph --><\/p><\/div>\n\t\t\t\t<\/div>\n\t\t\t\t<\/div>\n\t\t\t\t<div class=\"elementor-element elementor-element-ecc62b5 elementor-align-center elementor-widget elementor-widget-button\" data-id=\"ecc62b5\" data-element_type=\"widget\" data-widget_type=\"button.default\">\n\t\t\t\t<div class=\"elementor-widget-container\">\n\t\t\t\t\t<div class=\"elementor-button-wrapper\">\n\t\t\t<a href=\"http:\/\/erofisioterapiayprevencion.es\/?page_id=387\" class=\"elementor-button-link elementor-button elementor-size-sm\" role=\"button\">\n\t\t\t\t\t\t<span class=\"elementor-button-content-wrapper\">\n\t\t\t\t\t\t<span class=\"elementor-button-text\">PIDE CITA AQU\u00cd<\/span>\n\t\t<\/span>\n\t\t\t\t\t<\/a>\n\t\t<\/div>\n\t\t\t\t<\/div>\n\t\t\t\t<\/div>\n\t\t\t\t\t\t<\/div>\n\t\t\t\t\t<\/div>\n\t\t<\/div>\n\t\t\t\t\t\t\t\t<\/div>\n\t\t\t\t\t<\/div>\n\t\t<\/section>\n\t\t\t\t<section class=\"elementor-section elementor-top-section elementor-element elementor-element-3108660 elementor-section-boxed elementor-section-height-default elementor-section-height-default\" data-id=\"3108660\" data-element_type=\"section\">\n\t\t\t\t\t\t<div class=\"elementor-container elementor-column-gap-default\">\n\t\t\t\t\t\t\t<div class=\"elementor-row\">\n\t\t\t\t\t<div class=\"elementor-column elementor-col-100 elementor-top-column elementor-element elementor-element-d386df8\" data-id=\"d386df8\" data-element_type=\"column\">\n\t\t\t<div class=\"elementor-column-wrap elementor-element-populated\">\n\t\t\t\t\t\t\t<div class=\"elementor-widget-wrap\">\n\t\t\t\t\t\t\t\t<\/div>\n\t\t\t\t\t<\/div>\n\t\t<\/div>\n\t\t\t\t\t\t\t\t<\/div>\n\t\t\t\t\t<\/div>\n\t\t<\/section>\n\t\t\t\t<section class=\"elementor-section elementor-top-section elementor-element elementor-element-03d7d24 elementor-section-boxed elementor-section-height-default elementor-section-height-default\" data-id=\"03d7d24\" data-element_type=\"section\">\n\t\t\t\t\t\t<div class=\"elementor-container elementor-column-gap-default\">\n\t\t\t\t\t\t\t<div class=\"elementor-row\">\n\t\t\t\t\t<div class=\"elementor-column elementor-col-100 elementor-top-column elementor-element elementor-element-d7f3e95\" data-id=\"d7f3e95\" data-element_type=\"column\">\n\t\t\t<div class=\"elementor-column-wrap elementor-element-populated\">\n\t\t\t\t\t\t\t<div class=\"elementor-widget-wrap\">\n\t\t\t\t\t\t\t\t<\/div>\n\t\t\t\t\t<\/div>\n\t\t<\/div>\n\t\t\t\t\t\t\t\t<\/div>\n\t\t\t\t\t<\/div>\n\t\t<\/section>\n\t\t\t\t<section class=\"elementor-section elementor-top-section elementor-element elementor-element-8ecdeec elementor-section-boxed elementor-section-height-default elementor-section-height-default\" data-id=\"8ecdeec\" data-element_type=\"section\">\n\t\t\t\t\t\t<div class=\"elementor-container elementor-column-gap-default\">\n\t\t\t\t\t\t\t<div class=\"elementor-row\">\n\t\t\t\t\t<div class=\"elementor-column elementor-col-100 elementor-top-column elementor-element elementor-element-38afb34\" data-id=\"38afb34\" data-element_type=\"column\">\n\t\t\t<div class=\"elementor-column-wrap elementor-element-populated\">\n\t\t\t\t\t\t\t<div class=\"elementor-widget-wrap\">\n\t\t\t\t\t\t<div class=\"elementor-element elementor-element-94c55ce elementor-aspect-ratio-916 elementor-widget elementor-widget-video\" data-id=\"94c55ce\" data-element_type=\"widget\" data-settings=\"{&quot;aspect_ratio&quot;:&quot;916&quot;}\" data-widget_type=\"video.default\">\n\t\t\t\t<div class=\"elementor-widget-container\">\n\t\t\t\t\t<div class=\"elementor-wrapper elementor-fit-aspect-ratio elementor-open-inline\">\n\t\t\t\t\t<video class=\"elementor-video\" src=\"http:\/\/erofisioterapiayprevencion.es\/wp-content\/uploads\/2024\/09\/SERVICIO-PODOLOGO.mov\" autoplay=\"\" controls=\"\" playsinline=\"\" controlsList=\"nodownload\"><\/video>\n\t\t\t\t<\/div>\n\t\t\t\t<\/div>\n\t\t\t\t<\/div>\n\t\t\t\t\t\t<\/div>\n\t\t\t\t\t<\/div>\n\t\t<\/div>\n\t\t\t\t\t\t\t\t<\/div>\n\t\t\t\t\t<\/div>\n\t\t<\/section>\n\t\t\t\t\t\t<\/div>\n\t\t\t\t\t\t<\/div>\n\t\t\t\t\t<\/div>\n\t\t","protected":false},"excerpt":{"rendered":"<p>La importancia de los pies: base para el movimiento \u00abLa salud empieza por los pies.\u00bb &#8211; S\u00f3crates Los pies son la base de nuestro cuerpo, soportan nuestro peso y nos permiten movernos con libertad. Aunque a menudo los pasamos por alto, su salud es esencial para mantener un equilibrio, postura y movilidad adecuados. Los pies [&hellip;]<\/p>\n","protected":false},"author":1,"featured_media":0,"parent":1227,"menu_order":2,"comment_status":"closed","ping_status":"closed","template":"","meta":[],"_links":{"self":[{"href":"http:\/\/erofisioterapiayprevencion.es\/index.php?rest_route=\/wp\/v2\/pages\/2040"}],"collection":[{"href":"http:\/\/erofisioterapiayprevencion.es\/index.php?rest_route=\/wp\/v2\/pages"}],"about":[{"href":"http:\/\/erofisioterapiayprevencion.es\/index.php?rest_route=\/wp\/v2\/types\/page"}],"author":[{"embeddable":true,"href":"http:\/\/erofisioterapiayprevencion.es\/index.php?rest_route=\/wp\/v2\/users\/1"}],"replies":[{"embeddable":true,"href":"http:\/\/erofisioterapiayprevencion.es\/index.php?rest_route=%2Fwp%2Fv2%2Fcomments&post=2040"}],"version-history":[{"count":23,"href":"http:\/\/erofisioterapiayprevencion.es\/index.php?rest_route=\/wp\/v2\/pages\/2040\/revisions"}],"predecessor-version":[{"id":2146,"href":"http:\/\/erofisioterapiayprevencion.es\/index.php?rest_route=\/wp\/v2\/pages\/2040\/revisions\/2146"}],"up":[{"embeddable":true,"href":"http:\/\/erofisioterapiayprevencion.es\/index.php?rest_route=\/wp\/v2\/pages\/1227"}],"wp:attachment":[{"href":"http:\/\/erofisioterapiayprevencion.es\/index.php?rest_route=%2Fwp%2Fv2%2Fmedia&parent=2040"}],"curies":[{"name":"wp","href":"https:\/\/api.w.org\/{rel}","templated":true}]}}