{"id":1998,"date":"2024-09-11T11:52:38","date_gmt":"2024-09-11T11:52:38","guid":{"rendered":"http:\/\/erofisioterapiayprevencion.es\/?page_id=1998"},"modified":"2024-09-11T17:03:32","modified_gmt":"2024-09-11T17:03:32","slug":"que-es-el-mindfulness","status":"publish","type":"page","link":"http:\/\/erofisioterapiayprevencion.es\/?page_id=1998","title":{"rendered":"Mindfulness"},"content":{"rendered":"\t\t<div data-elementor-type=\"wp-page\" data-elementor-id=\"1998\" class=\"elementor elementor-1998\" data-elementor-settings=\"[]\">\n\t\t\t\t\t\t<div class=\"elementor-inner\">\n\t\t\t\t\t\t\t<div class=\"elementor-section-wrap\">\n\t\t\t\t\t\t\t<section class=\"elementor-section elementor-top-section elementor-element elementor-element-78ed7418 elementor-section-boxed elementor-section-height-default elementor-section-height-default\" data-id=\"78ed7418\" data-element_type=\"section\">\n\t\t\t\t\t\t<div class=\"elementor-container elementor-column-gap-default\">\n\t\t\t\t\t\t\t<div class=\"elementor-row\">\n\t\t\t\t\t<div class=\"elementor-column elementor-col-100 elementor-top-column elementor-element elementor-element-5de3c9e2\" data-id=\"5de3c9e2\" data-element_type=\"column\">\n\t\t\t<div class=\"elementor-column-wrap elementor-element-populated\">\n\t\t\t\t\t\t\t<div class=\"elementor-widget-wrap\">\n\t\t\t\t\t\t<div class=\"elementor-element elementor-element-22355c20 elementor-widget elementor-widget-text-editor\" data-id=\"22355c20\" data-element_type=\"widget\" data-widget_type=\"text-editor.default\">\n\t\t\t\t<div class=\"elementor-widget-container\">\n\t\t\t\t\t<div class=\"elementor-text-editor elementor-clearfix\"><p><!-- wp:quote --><\/p>\n<blockquote class=\"wp-block-quote\">\n<p><em><strong>\u00a0\u00abLa mente es un espejo flexible, aj\u00fastalo, para ver mejor el mundo.\u00bb<\/strong><\/em><\/p>\n<p><cite>Amit Ray<\/cite><\/p>\n<\/blockquote>\n<p><!-- \/wp:quote --><!-- wp:paragraph --><\/p>\n<p>El\u00a0<strong>Mindfulness<\/strong>, o atenci\u00f3n plena, es una pr\u00e1ctica psicol\u00f3gica que consiste en concentrarse de manera consciente y deliberada en el presente, sin juzgar las experiencias que vivimos en cada momento. Su origen est\u00e1 ligado a tradiciones de meditaci\u00f3n budista, pero en los \u00faltimos a\u00f1os ha sido adoptado por la psicolog\u00eda moderna para mejorar el bienestar emocional, f\u00edsico y mental.<\/p>\n<p>A diferencia de lo que se podr\u00eda pensar, el mindfulness no se reduce solo a la meditaci\u00f3n; es una actitud que puede incorporarse en muchas \u00e1reas de nuestra vida cotidiana, ayud\u00e1ndonos a vivir de manera m\u00e1s consciente y equilibrada.\u00a0<\/p>\n<p>En el mundo actual, donde el estr\u00e9s, la ansiedad y la sobrecarga de informaci\u00f3n son constantes, el mindfulness se ha convertido en una herramienta clave para preservar la\u00a0<strong>salud mental<\/strong>\u00a0y prevenir trastornos relacionados con el estr\u00e9s y la falta de atenci\u00f3n plena.<\/p>\n<div class=\"wp-block-buttons\">\n<div class=\"wp-block-button is-style-outline\">\u00a0<\/div>\n<p><!-- \/wp:button --><\/p>\n<\/div>\n<p><!-- \/wp:buttons --><!-- wp:paragraph --><\/p>\n<p><!-- \/wp:paragraph --><\/p><\/div>\n\t\t\t\t<\/div>\n\t\t\t\t<\/div>\n\t\t\t\t<div class=\"elementor-element elementor-element-74e356f elementor-widget elementor-widget-image\" data-id=\"74e356f\" data-element_type=\"widget\" data-widget_type=\"image.default\">\n\t\t\t\t<div class=\"elementor-widget-container\">\n\t\t\t\t\t<div class=\"elementor-image\">\n\t\t\t\t\t\t\t\t\t\t<img width=\"736\" height=\"1104\" src=\"http:\/\/erofisioterapiayprevencion.es\/wp-content\/uploads\/2024\/09\/7.jpg\" class=\"attachment-medium_large size-medium_large\" alt=\"\" loading=\"lazy\" srcset=\"http:\/\/erofisioterapiayprevencion.es\/wp-content\/uploads\/2024\/09\/7.jpg 736w, http:\/\/erofisioterapiayprevencion.es\/wp-content\/uploads\/2024\/09\/7-200x300.jpg 200w, http:\/\/erofisioterapiayprevencion.es\/wp-content\/uploads\/2024\/09\/7-683x1024.jpg 683w\" sizes=\"(max-width: 736px) 100vw, 736px\" \/>\t\t\t\t\t\t\t\t\t\t\t<\/div>\n\t\t\t\t<\/div>\n\t\t\t\t<\/div>\n\t\t\t\t<div class=\"elementor-element elementor-element-1d9d76a elementor-widget elementor-widget-spacer\" data-id=\"1d9d76a\" data-element_type=\"widget\" data-widget_type=\"spacer.default\">\n\t\t\t\t<div class=\"elementor-widget-container\">\n\t\t\t\t\t<div class=\"elementor-spacer\">\n\t\t\t<div class=\"elementor-spacer-inner\"><\/div>\n\t\t<\/div>\n\t\t\t\t<\/div>\n\t\t\t\t<\/div>\n\t\t\t\t<div class=\"elementor-element elementor-element-0c56687 elementor-widget elementor-widget-text-editor\" data-id=\"0c56687\" data-element_type=\"widget\" data-widget_type=\"text-editor.default\">\n\t\t\t\t<div class=\"elementor-widget-container\">\n\t\t\t\t\t<div class=\"elementor-text-editor elementor-clearfix\"><h3>T\u00e9cnicas de Mindfulness m\u00e1s all\u00e1 de la Meditaci\u00f3n<\/h3>\n<p>Aunque la meditaci\u00f3n es una pr\u00e1ctica central del mindfulness, existen muchas otras formas de incorporarlo a la vida diaria. Estas son algunas t\u00e9cnicas que no solo se limitan a la meditaci\u00f3n formal, sino que buscan llevar la atenci\u00f3n plena a diversas actividades cotidianas:<\/p>\n<p>\u00a0<\/p>\n<h4><span class=\"has-inline-color\">1.\u00a0<strong>Respiraci\u00f3n Consciente<\/strong><\/span><\/h4>\n<p>Una de las t\u00e9cnicas m\u00e1s simples y accesibles de mindfulness es la\u00a0<strong>respiraci\u00f3n consciente<\/strong>. Esta pr\u00e1ctica consiste en prestar atenci\u00f3n a nuestra respiraci\u00f3n en cualquier momento del d\u00eda, sin intentar cambiarla. Solo con centrarnos en el flujo natural del aire entrando y saliendo de nuestro cuerpo, podemos traer nuestra mente de vuelta al presente y reducir la reactividad emocional.<\/p>\n<h4><span class=\"has-inline-color\">2.\u00a0<strong>Mindful Eating (Comer con Atenci\u00f3n Plena)<\/strong><\/span><\/h4>\n<p>Esta t\u00e9cnica invita a ser completamente conscientes de la experiencia de comer, prestando atenci\u00f3n a los sabores, texturas, aromas y sensaciones f\u00edsicas mientras comemos. Evitar distracciones, como el uso del tel\u00e9fono o la televisi\u00f3n durante las comidas, puede ayudarnos a disfrutar m\u00e1s de los alimentos, controlar mejor el hambre y mejorar nuestra digesti\u00f3n. Comer con mindfulness tambi\u00e9n fomenta una relaci\u00f3n m\u00e1s saludable con la comida, evitando los h\u00e1bitos de consumo compulsivo o emocional.<\/p>\n<h4><span class=\"has-inline-color\">3.\u00a0<strong>Mindful Walking (Caminar con Atenci\u00f3n Plena)<\/strong><\/span><\/h4>\n<p>El\u00a0<strong>caminar con atenci\u00f3n plena<\/strong>\u00a0implica tomar conciencia de cada paso, sintiendo c\u00f3mo nuestros pies tocan el suelo, c\u00f3mo se mueve nuestro cuerpo y respirando con calma mientras nos movemos. Esta pr\u00e1ctica es \u00fatil para desconectar del estr\u00e9s y fomentar una sensaci\u00f3n de tranquilidad durante el movimiento, y puede ser practicada en cualquier lugar, incluso mientras caminamos hacia el trabajo o al hacer una tarea rutinaria.<\/p>\n<h4><span class=\"has-inline-color\">4.\u00a0<strong>Escucha Consciente<\/strong><\/span><\/h4>\n<p>En nuestras interacciones diarias, la pr\u00e1ctica de la\u00a0<strong>escucha consciente<\/strong>\u00a0puede ser transformadora. Se trata de prestar atenci\u00f3n completa a la persona que nos habla, sin anticiparnos a su respuesta ni distraernos. Al hacerlo, creamos relaciones m\u00e1s profundas y mejoramos nuestras habilidades de comunicaci\u00f3n, ya que generamos una sensaci\u00f3n de comprensi\u00f3n y conexi\u00f3n m\u00e1s s\u00f3lida con los dem\u00e1s.<\/p>\n<h4><span class=\"has-inline-color\">5.\u00a0<strong>Atenci\u00f3n Plena en Tareas Cotidianas<\/strong><\/span><\/h4>\n<p>Actividades como lavar los platos, ducharse o limpiar la casa pueden convertirse en momentos de atenci\u00f3n plena si ponemos toda nuestra concentraci\u00f3n en ellas. Por ejemplo, al lavar los platos, podemos centrarnos en la sensaci\u00f3n del agua, el olor del jab\u00f3n, o los movimientos de nuestras manos, lo que nos ayuda a permanecer en el presente y disfrutar de la simplicidad de las tareas diarias.<\/p>\n<p>\u00a0<\/p>\n<h3>Mindfulness y su Relaci\u00f3n con la Salud Mental<\/h3>\n<p>El mindfulness est\u00e1 profundamente ligado a la\u00a0<strong>salud mental<\/strong>. Vivir en un estado de alerta constante, con preocupaciones sobre el futuro o rumiando sobre el pasado, es una fuente de estr\u00e9s y ansiedad. La pr\u00e1ctica regular del mindfulness ayuda a\u00a0<strong>reducir el estr\u00e9s<\/strong>, mejorar la\u00a0<strong>capacidad de concentraci\u00f3n<\/strong>\u00a0y aumentar la\u00a0<strong>autorregulaci\u00f3n emocional<\/strong>.<\/p>\n<p>Investigaciones han demostrado que el mindfulness es eficaz en el manejo de trastornos como la\u00a0<strong>depresi\u00f3n<\/strong>, la\u00a0<strong>ansiedad<\/strong>\u00a0y el\u00a0<strong>estr\u00e9s postraum\u00e1tico<\/strong>. Al aprender a aceptar las emociones sin juzgarlas o evitarlas, las personas pueden reducir su reactividad emocional, mejorando as\u00ed su bienestar mental.<\/p><\/div>\n\t\t\t\t<\/div>\n\t\t\t\t<\/div>\n\t\t\t\t<div class=\"elementor-element elementor-element-d349389 elementor-align-center elementor-widget elementor-widget-button\" data-id=\"d349389\" data-element_type=\"widget\" data-widget_type=\"button.default\">\n\t\t\t\t<div class=\"elementor-widget-container\">\n\t\t\t\t\t<div class=\"elementor-button-wrapper\">\n\t\t\t<a href=\"http:\/\/erofisioterapiayprevencion.es\/?page_id=613\" class=\"elementor-button-link elementor-button elementor-size-sm\" role=\"button\">\n\t\t\t\t\t\t<span class=\"elementor-button-content-wrapper\">\n\t\t\t\t\t\t<span class=\"elementor-button-text\">HORARIOS MINDFULNESS \ud83e\uddd8\u200d\u2640\ufe0f<\/span>\n\t\t<\/span>\n\t\t\t\t\t<\/a>\n\t\t<\/div>\n\t\t\t\t<\/div>\n\t\t\t\t<\/div>\n\t\t\t\t\t\t<\/div>\n\t\t\t\t\t<\/div>\n\t\t<\/div>\n\t\t\t\t\t\t\t\t<\/div>\n\t\t\t\t\t<\/div>\n\t\t<\/section>\n\t\t\t\t\t\t<\/div>\n\t\t\t\t\t\t<\/div>\n\t\t\t\t\t<\/div>\n\t\t","protected":false},"excerpt":{"rendered":"<p>\u00a0\u00abLa mente es un espejo flexible, aj\u00fastalo, para ver mejor el mundo.\u00bb Amit Ray El\u00a0Mindfulness, o atenci\u00f3n plena, es una pr\u00e1ctica psicol\u00f3gica que consiste en concentrarse de manera consciente y deliberada en el presente, sin juzgar las experiencias que vivimos en cada momento. Su origen est\u00e1 ligado a tradiciones de meditaci\u00f3n budista, pero en los [&hellip;]<\/p>\n","protected":false},"author":1,"featured_media":0,"parent":0,"menu_order":0,"comment_status":"closed","ping_status":"closed","template":"","meta":[],"_links":{"self":[{"href":"http:\/\/erofisioterapiayprevencion.es\/index.php?rest_route=\/wp\/v2\/pages\/1998"}],"collection":[{"href":"http:\/\/erofisioterapiayprevencion.es\/index.php?rest_route=\/wp\/v2\/pages"}],"about":[{"href":"http:\/\/erofisioterapiayprevencion.es\/index.php?rest_route=\/wp\/v2\/types\/page"}],"author":[{"embeddable":true,"href":"http:\/\/erofisioterapiayprevencion.es\/index.php?rest_route=\/wp\/v2\/users\/1"}],"replies":[{"embeddable":true,"href":"http:\/\/erofisioterapiayprevencion.es\/index.php?rest_route=%2Fwp%2Fv2%2Fcomments&post=1998"}],"version-history":[{"count":20,"href":"http:\/\/erofisioterapiayprevencion.es\/index.php?rest_route=\/wp\/v2\/pages\/1998\/revisions"}],"predecessor-version":[{"id":2164,"href":"http:\/\/erofisioterapiayprevencion.es\/index.php?rest_route=\/wp\/v2\/pages\/1998\/revisions\/2164"}],"wp:attachment":[{"href":"http:\/\/erofisioterapiayprevencion.es\/index.php?rest_route=%2Fwp%2Fv2%2Fmedia&parent=1998"}],"curies":[{"name":"wp","href":"https:\/\/api.w.org\/{rel}","templated":true}]}}